 5*v - s. List the prime factors of v.
2, 7
Let s be 0/(-1 + 6 - 4). Suppose b - 75 + 11 = s. List the prime factors of (-585)/(-4) + (-16)/b.
2, 73
List the prime factors of 32305/(-2)*2*92/(-115).
2, 7, 13, 71
Suppose -3 = -p - 0, 253 = -4*q + 3*p. Let d = q - -14. Let y = d - -256. List the prime factors of y.
11, 19
Let c be (-104)/(-2)*-1 - 4. What are the prime factors of c/98 + (-48635)/(-35)?
3, 463
Suppose 264*c - 34485 = 253*c. List the prime factors of c.
3, 5, 11, 19
Suppose -77*d + 78 = -74*d. Let a = d - 22. Suppose -3*m + 4*m - 29 = -4*h, -a*m + 76 = -4*h. List the prime factors of m.
3, 7
Suppose -24*z + 91962 = -21*z. Suppose -31*l + z = -5*l. What are the prime factors of l?
3, 131
Let t = -25 - -33. Suppose 0 = t*l - 6233 + 1953. What are the prime factors of l?
5, 107
Let o = -895 + 1859. Suppose -4*i + 2*i + o = 2*h, 2*i = 3*h - 1446. List the prime factors of h.
2, 241
Let k be -2*(2/12)/(4/(-36)). Suppose -k*g + 795 = v, -v + 3*g - 5*g + 798 = 0. List the prime factors of v.
2, 3, 67
Let r be -3 + 9 + 1*-3. Suppose 3*f = -12, -f = i + r*i - 212. What are the prime factors of i?
2, 3
Let r(h) = -19*h + 22. Let l(m) = -m + 4*m + 2*m + 5*m - 11. Let p(w) = 5*l(w) + 2*r(w). List the prime factors of p(9).
97
Let f(s) = -861*s - 244. List the prime factors of f(-4).
2, 5
Suppose -193*o - 1461 + 2079 = -4593. List the prime factors of o.
3
Let z(v) = -v**3 - 76*v**2 + 1129*v + 64. What are the prime factors of z(-89)?
2, 3, 71
Let w(c) = 10*c**2 - 107*c + 1971. What are the prime factors of w(36)?
3, 1231
Suppose -65*c + 476880 = -1170350. List the prime factors of c.
2, 12671
Let f(l) be the third derivative of 31/6*l**3 + 1/24*l**4 + 0 + 2*l**2 + 0*l. List the prime factors of f(-8).
23
Let c = 1128 + -529. Suppose -m - 11*w + 233 = -6*w, 5*w + c = 3*m. List the prime factors of m.
2, 13
Let f(u) = u**3 - 65*u**2 - 118*u - 294. List the prime factors of f(71).
2, 7, 23, 67
What are the prime factors of 2/53 - (-5865125)/371?
15809
Suppose 5*q - 185 = 3*r, 8*r + 335 = 3*r - 5*q. Let m = r - -125. Suppose m = -0*n + n. What are the prime factors of n?
2, 3, 5
Suppose 0*x = 6*x - 3*x. Suppose x = 4*q + 4*d + 64, -d = -0*q + 3*q + 56. Let t = 104 - q. What are the prime factors of t?
2, 31
Let x(p) = 2*p**2 - 13*p + 5. Let l be 276/15 + (13/5 - 2). What are the prime factors of x(l)?
2, 3, 5
Suppose -3*t - 3*o + 16 + 83 = 0, -5*o = -4*t + 123. Let j = -32 + t. Suppose j = -4*l - 111 + 307. List the prime factors of l.
7
Let w = -59936 - -103700. What are the prime factors of w?
2, 3, 7, 521
Suppose 4*k + 5*z - 100 = 200, -4*k + 5*z = -260. Let w = k + -69. What are the prime factors of 1 + 67 + 1 + w?
2, 5, 7
Suppose -3*d - 52 = -5*l, 4*l = -3*d + 50 - 3. Let w = -7 + l. Suppose w*h + 1366 = 5*b, 6*b - 1338 = b - 3*h. What are the prime factors of b?
2, 3, 5
Let i(x) = -x**3 - 4*x**2 - 22*x. Let y(b) = 4*b**3 - 2*b**2 - 5*b - 4. Let t be y(-1). List the prime factors of i(t).
3, 5
Let m(r) be the first derivative of r**2/2 - 32*r + 12. Let u be m(14). What are the prime factors of 4/(36/749) + 4/u?
83
Suppose o - 35 = -2*h - 4*o, -40 = -3*h - 5*o. Suppose -13*c + 16*c - 12 = 0. Suppose -c*r + h*r = 68. What are the prime factors of r?
2, 17
Suppose -79*s = -80*s + 3. Suppose 1235 = s*g + 4*t, 2*t = g - t - 416. List the prime factors of g.
7, 59
Let u = 14 - 11. Suppose u*a + 100 = -a. Let v = -22 - a. List the prime factors of v.
3
What are the prime factors of (495 - 10)/(15695/(-2623) - 6/(-1))?
5, 61, 97
Let y(h) = h**3 + 12*h**2 - 14*h - 14. Let c be y(-13). What are the prime factors of 48/12*(c + (-651)/(-12))?
3, 71
Let b(j) = -4*j - 32. Let f(w) = w - 1. Let q(h) = -b(h) + 6*f(h). Suppose 0 = -2*l - 5*l + 91. List the prime factors of q(l).
2, 3, 13
Let h be (-18)/150*-15 + (-2)/(-10). Suppose -204 = -h*i + 618. List the prime factors of i.
3, 137
Let d(h) = 733*h - 5699. List the prime factors of d(81).
2, 47, 571
Let k(l) = l**3 + 7*l**2 - 4*l - 14. Let i be k(-5). List the prime factors of (-6)/8 + 16954/i.
2, 151
Let x(m) = -6*m**2 + 89*m - 90. Let v be x(1). Let f(o) = 3*o - 2. Let n be f(3). What are the prime factors of -4 + ((-202)/v)/(1/n)?
2, 3, 11
Suppose -5*s - 336 + 501 = 0. Suppose -s*j - 2529 = -6753. What are the prime factors of j?
2
What are the prime factors of 46675/(-10)*((-792)/585 + (-4)/(-26))?
3, 1867
Suppose 82106 + 554992 = 21*o. List the prime factors of o.
2, 7, 11, 197
Let p = 10107 - 5814. What are the prime factors of p?
3, 53
Let y(i) = -4*i**3 + 6*i**2 - 7*i - 13. Let j be y(-5). Let o = 1406 - j. What are the prime factors of o?
2, 367
Let p(s) = -3*s - 8. Let g be p(-8). Suppose 9*x - g = x. Suppose 3*l + 20 = 3*z - 310, x*z + 3*l = 210. List the prime factors of z.
2, 3
Let q = 19037 + -11236. List the prime factors of q.
29, 269
Let t(n) = n**3 + 9*n**2 + 9*n + 11. Let z be t(-8). Suppose -z*w = w + 320. Let b = w - -145. What are the prime factors of b?
5, 13
Let i(t) be the third derivative of t**6/120 + t**5/4 + 5*t**4/6 - 4*t**2 + 8. List the prime factors of i(-13).
2, 3, 13
Suppose -s = -4*j, 4*s - 3*j - 15 = -2*j. List the prime factors of s/(-14) + 280919/301.
3, 311
Let h be (-5)/(-3)*(-4 - -7). Suppose -4 = h*g + 6. List the prime factors of (-404)/(((2 - 0) + 2)/g).
2, 101
Suppose 15*h = 1000895 - 197330. What are the prime factors of h?
3, 7, 2551
Let n = 7 - -93. Suppose -9*b - 8 - n = 0. List the prime factors of 3/b + (-257)/(-4) + 2.
2, 3, 11
Suppose n - 243 = -5*l, 3*n = -8 + 2. What are the prime factors of ((-1584)/(-84))/(2 + (-96)/l)?
2, 3, 7, 11
Suppose 2*o = 2*z - 316, -z - 5*o + 27 = -101. Suppose 2*v - 1043 = -4*r - z, 3*r + 1758 = 4*v. List the prime factors of v.
3, 7
Let r(l) = -4*l + 4. Let y be r(4). Let t(d) = 5*d**2 - 45*d + 3. Let w be t(6). Let a = y - w. What are the prime factors of a?
3, 5
What are the prime factors of (2454344/95 - 8/(-10))/(15/20)?
2, 2153
List the prime factors of 175650/(-9 - -24) - -9.
11719
Suppose w - 2*h - 13582 = -4062, 5*h - 18986 = -2*w. What are the prime factors of w?
2, 2377
Suppose 220 - 20 = -2*v. Let t(u) = 6*u + 21. Let z be t(9). Let b = z - v. What are the prime factors of b?
5, 7
Let g = 6566 + 18204. List the prime factors of g.
2, 5, 2477
Suppose -6*w + 105 = -183. Suppose 3*a = -r + w, 4*r - 4*a = 86 + 138. List the prime factors of r.
2, 3
Let q = 50351 + -23446. What are the prime factors of q?
5, 5381
Suppose 0 = t - 5, 4*v = 5*t + 169714 - 56243. What are the prime factors of v?
2, 3, 4729
Suppose 2*x - 37712 = -4*n, -37691 = -17*x + 15*x + 3*n. What are the prime factors of x?
2, 5, 13, 29
Let l(w) = w**2 - 8*w - 15. Let t be l(-2). Suppose 0 = k + 3*f - 357, k + 3*f = t*k - 1368. What are the prime factors of k?
3, 5, 23
Let n(j) = -517*j + 865. List the prime factors of n(-16).
9137
List the prime factors of -5137*-9*(-18)/81*6/(-4).
3, 11, 467
List the prime factors of (-3*1 - ((-256431)/63 + 2))*6.
2, 3049
Let q be 509 - (-2)/((6 - 1) + -3). Suppose 11*y - y - q = 0. Let p = 5 + y. List the prime factors of p.
2, 7
Let c = 9973 + -432. List the prime factors of c.
7, 29, 47
Let w be -4*(6/2 - 4). Suppose w*x = -2*u - 0 - 4, 0 = -3*x - 4*u - 13. What are the prime factors of -24 - -26 - (x - 63)?
2
Suppose -2*c + 14 = 0, 3*a - 101*c = -99*c + 20761. What are the prime factors of a?
5, 277
What are the prime factors of (-10679)/(-3) + 1 + (770/33)/(-35)?
2, 5, 89
Suppose 81*g - 80*g + 3 = 0, -11162 = -k + g. What are the prime factors of k?
11159
Let b be 1/(-11)*-9407 - (-428)/(-2354). Let w = b - 484. What are the prime factors of w?
7, 53
List the prime factors of (-7)/6 + 7/14 + 32176/6.
2, 7, 383
Suppose 0 = u + w - 312, 2*u = u + 2*w + 327. Let c = -105 - u. What are the prime factors of c/(0 + (-5 - -3))?
211
Suppose 4423741 + 5417219 = 272*q. List the prime factors of q.
2, 3, 5, 67
Let c = -321 - -314. Let j(f) = -4 - 2 + 4*f + 5*f**2 - 6 + 10. List the prime factors of j(c).
5, 43
Let a(n) = -n**2 - 6*n + 6. Let v(z) = -2*z**2 + 5. Suppose 3*j - 2 = 5*r - 6, -r - 4 = -3*j. Let o be v(r). What are the prime factors of a(o)?
3, 5
Let t = 220 + -219. List the prime factors of t - -1*(85 - -3).
89
Let c(x) = x**2 - 6*x + 11. Let a be c(4). Let h = -9 + a. List the prime factors of -3*h/72